{"id":319,"date":"2023-10-03T18:41:00","date_gmt":"2023-10-03T18:41:00","guid":{"rendered":"https:\/\/www.lakiernia-proximal.pl\/?page_id=319"},"modified":"2023-10-06T11:36:35","modified_gmt":"2023-10-06T11:36:35","slug":"czym-sie-zajmujemy","status":"publish","type":"page","link":"https:\/\/www.lakiernia-proximal.pl\/?page_id=319","title":{"rendered":"Czym si\u0119 zajmujemy"},"content":{"rendered":"\n<div id=\"wp-block-themeisle-blocks-advanced-columns-2dc1e350\" class=\"wp-block-themeisle-blocks-advanced-columns alignfull has-1-columns has-desktop-equal-layout has-tablet-equal-layout has-mobile-equal-layout has-vertical-unset\"><div class=\"wp-block-themeisle-blocks-advanced-columns-overlay\"><\/div><div class=\"innerblocks-wrap\">\n<div id=\"wp-block-themeisle-blocks-advanced-column-b90d3609\" class=\"wp-block-themeisle-blocks-advanced-column\">\n<h1 id=\"wp-block-themeisle-blocks-advanced-heading-542a6bef\" class=\"wp-block-themeisle-blocks-advanced-heading wp-block-themeisle-blocks-advanced-heading-542a6bef\">Czym si\u0119 zajmujemy?<\/h1>\n<\/div>\n<\/div><\/div>\n\n\n\n<div id=\"wp-block-themeisle-blocks-advanced-columns-d4934908\" class=\"wp-block-themeisle-blocks-advanced-columns alignfull has-1-columns has-desktop-equal-layout has-tablet-equal-layout has-mobile-collapsedRows-layout has-vertical-unset has-light-bg\"><div class=\"wp-block-themeisle-blocks-advanced-columns-overlay\"><\/div><div class=\"innerblocks-wrap\">\n<div id=\"wp-block-themeisle-blocks-advanced-column-503e44cc\" class=\"wp-block-themeisle-blocks-advanced-column\">\n<h2 id=\"wp-block-themeisle-blocks-advanced-heading-2a16f44a\" class=\"wp-block-themeisle-blocks-advanced-heading wp-block-themeisle-blocks-advanced-heading-2a16f44a\">Czym si\u0119 zajmujemy?<\/h2>\n\n\n\n<p class=\"has-neve-text-color-color has-text-color\">Aby dowiedzie\u0107 si\u0119 wi\u0119cej o tym czym\u015b si\u0119 zajmujemy wejd\u017a w poni\u017csze linki.<\/p>\n\n\n\n<div id=\"wp-block-themeisle-blocks-button-group-8e600231\" class=\"wp-block-themeisle-blocks-button-group wp-block-buttons\">\n<div id=\"wp-block-themeisle-blocks-button-0e592ccc\" class=\"wp-block-themeisle-blocks-button wp-block-button\"><a href=\"https:\/\/www.lakiernia-proximal.pl\/?page_id=327\" target=\"_self\" rel=\"noopener noreferrer\" class=\"wp-block-button__link\"><span>  Lakierowanie proszkowe  <\/span><\/a><\/div>\n\n\n\n<div id=\"wp-block-themeisle-blocks-button-590ccb36\" class=\"wp-block-themeisle-blocks-button wp-block-button\"><a href=\"https:\/\/www.lakiernia-proximal.pl\/?page_id=331\" target=\"_self\" rel=\"noopener noreferrer\" class=\"wp-block-button__link\"><span>  \u015arutowanie  <\/span><\/a><\/div>\n\n\n\n<div id=\"wp-block-themeisle-blocks-button-1ec000f0\" class=\"wp-block-themeisle-blocks-button wp-block-button\"><a href=\"https:\/\/www.lakiernia-proximal.pl\/?page_id=333\" target=\"_self\" rel=\"noopener noreferrer\" class=\"wp-block-button__link\"><span><strong>  <\/strong>Spawanie TIG\/MIG  <\/span><\/a><\/div>\n<\/div>\n\n\n\n<div id=\"wp-block-themeisle-blocks-button-group-10a9af88\" class=\"wp-block-themeisle-blocks-button-group wp-block-buttons\">\n<div id=\"wp-block-themeisle-blocks-button-6f29973e\" class=\"wp-block-themeisle-blocks-button wp-block-button\"><a target=\"_self\" rel=\"noopener noreferrer\" class=\"wp-block-button__link\"><span><\/span><\/a><\/div>\n<\/div>\n<\/div>\n<\/div><\/div>\n\n\n<p><!-- \/wp:post-content --><\/p>","protected":false},"excerpt":{"rendered":"","protected":false},"author":1,"featured_media":0,"parent":0,"menu_order":0,"comment_status":"closed","ping_status":"closed","template":"","meta":{"neve_meta_sidebar":"","neve_meta_container":"","neve_meta_enable_content_width":"","neve_meta_content_width":0,"neve_meta_title_alignment":"","neve_meta_author_avatar":"","neve_post_elements_order":"","neve_meta_disable_header":"","neve_meta_disable_footer":"","neve_meta_disable_title":"","_themeisle_gutenberg_block_has_review":false,"footnotes":""},"class_list":["post-319","page","type-page","status-publish","hentry"],"_links":{"self":[{"href":"https:\/\/www.lakiernia-proximal.pl\/index.php?rest_route=\/wp\/v2\/pages\/319","targetHints":{"allow":["GET"]}}],"collection":[{"href":"https:\/\/www.lakiernia-proximal.pl\/index.php?rest_route=\/wp\/v2\/pages"}],"about":[{"href":"https:\/\/www.lakiernia-proximal.pl\/index.php?rest_route=\/wp\/v2\/types\/page"}],"author":[{"embeddable":true,"href":"https:\/\/www.lakiernia-proximal.pl\/index.php?rest_route=\/wp\/v2\/users\/1"}],"replies":[{"embeddable":true,"href":"https:\/\/www.lakiernia-proximal.pl\/index.php?rest_route=%2Fwp%2Fv2%2Fcomments&post=319"}],"version-history":[{"count":12,"href":"https:\/\/www.lakiernia-proximal.pl\/index.php?rest_route=\/wp\/v2\/pages\/319\/revisions"}],"predecessor-version":[{"id":428,"href":"https:\/\/www.lakiernia-proximal.pl\/index.php?rest_route=\/wp\/v2\/pages\/319\/revisions\/428"}],"wp:attachment":[{"href":"https:\/\/www.lakiernia-proximal.pl\/index.php?rest_route=%2Fwp%2Fv2%2Fmedia&parent=319"}],"curies":[{"name":"wp","href":"https:\/\/api.w.org\/{rel}","templated":true}]}}